 -3 - 1. Suppose -9 = 4*v - 17. Let g(d) = 15*d - 7*d - 3*d - v - d. Determine g(i).
-10
Suppose m + 4*c - 10 = 6*m, -m + 22 = 4*c. Let o(v) be the first derivative of -1/2*v**m - 1 - 2*v. Give o(-2).
0
Let b(r) = -12 + 7*r - 23*r**2 + 20*r**2 + 19*r**2 - 17*r**2. What is b(5)?
-2
Let c(x) = -106*x**2 - 5*x - 9*x + 8*x + 107*x**2 - 5 - 5. Determine c(7).
-3
Suppose 3*z - 26 = -23. Let n be (12/(-36))/(z/93). Let v = -31 - n. Let g(x) = x + 7. What is g(v)?
7
Suppose -2*g + 1 + 2 = -5*a, 0 = -3*a + 5*g - 17. Let x(m) = 37*m. Calculate x(a).
37
Let j(b) = -5*b + 27 - 46 + 24 - b**2. Give j(-7).
-9
Let l(h) = h**2 - 8*h - 2. Let q(o) = o**2 - 7*o - 2. Let n(k) = -6*l(k) + 7*q(k). Suppose -3*w - 4*r = -5*r + 91, -w + 4*r = 45. Let j = w + 26. What is n(j)?
10
Let x(p) = 6*p**2 + 2*p + 1. Let a = -347 + 346. Give x(a).
5
Let t(v) = -v. Let s(i) = -9*i + 3. Let l(x) = -s(x) + 6*t(x). Determine l(6).
15
Let l(w) = 15*w**3 - 2*w**2 - w. Let m = -313 + 312. Calculate l(m).
-16
Suppose -2*g - 21 = -2*m + 7, 0 = g - 2*m + 13. Let p = g + 19. Let t(h) = -4*h - 8. Let y(x) = -7*x - 15. Let r(u) = -5*t(u) + 3*y(u). Determine r(p).
-9
Let o be 5 + (2 - 7) - 4. Let v(r) = -r**3 - 2*r**2 + r - 5. Give v(o).
23
Let u = -35 - -24. Let x(g) = -g**3 - 10*g**2 + 9*g - 10. Give x(u).
12
Let h(n) = -3*n**2. Let g(l) = -17*l**2 - l - 11. Let b(x) = -g(x) + 6*h(x). Give b(0).
11
Suppose -k + 0 + 3 = r, k - 5*r + 9 = 0. Let n(i) = -2*i + 5. Let p be n(k). Let w(a) = -a**2 + 5*a + 1. Give w(p).
7
Let x be -6*(8 + (1 - 8)). Let y(d) = 1. Let p(b) = -b - 1. Let f(k) = -p(k) + 3*y(k). Give f(x).
-2
Let t = 475 - 479. Let m(j) = j**3 + 5*j**2 + j + 1. Calculate m(t).
13
Let o(f) = -f**3 - f - 1. Let c(p) = -p**2 + 4*p**3 + 130 + 2*p - 133 - 8*p + 2*p**2. Let u(l) = c(l) - 4*o(l). Give u(1).
8
Let u(o) be the first derivative of o**3/3 + 3*o**2/2 - 5*o - 1. Let n(k) = -2*k**2 - 34*k - 65. Let z be n(-15). What is u(z)?
5
Let v(z) be the first derivative of 5/3*z**3 + 8 + z**2 - z + 1/4*z**4. Calculate v(-4).
7
Let s(n) = -4*n**3 + 2*n**2 - 1. Suppose 7*b = l + 2*b - 31, 5*l = 4*b + 50. Let h be l + -2 + -2 + -1. Determine s(h).
-3
Let b(q) = 3*q**2 + 4*q + 3. Let f be 0*(-4 + 28/8). Suppose c - 4 = 0, -5*m + 4*c + c - 30 = f. Give b(m).
7
Let k(f) = -2*f + 15. Let u(t) = t - 7. Suppose 5 + 1 = 3*g. Let l(h) = h**2 + 2*h - 3. Let z be l(g). Let d(b) = z*u(b) + 2*k(b). Calculate d(3).
-2
Let f = 771 - 768. Let v(l) = 3*l + 1. Give v(f).
10
Let u be ((-112)/24)/((-2)/6). Let d = u + -12. Let i(a) = 1 - a + 4*a**2 - d + a**3 - a**2 - a**2. Give i(2).
13
Let t(a) = -a**3 + 3*a**2 - 3*a + 2. Let w(y) = 3*y - 10 + 0 - 5. Let z be w(11). Suppose 5*p + 3 = z. Give t(p).
-7
Let h(l) be the first derivative of l**2/2 + 20*l - 63. Give h(-12).
8
Let q(t) = -7*t**3 - 13*t**2 - 15*t - 15. Let j(g) = -g**3 - g**2 - g - 1. Let s(u) = 6*j(u) - q(u). Let p = 17 + -23. Give s(p).
-9
Let k(z) be the second derivative of -z**3/6 - 4*z**2 + 32*z. Give k(-13).
5
Let i(f) = -4*f + 11. Let w = 749 - 754. Determine i(w).
31
Let z(i) = -i + 3. Suppose -3*o + 28 = -5. Suppose -3 = s, -4*m = -0*m - 3*s + o. What is z(m)?
8
Let o(r) = 12*r**2 + 3*r + 2. Let k(y) = -63*y**2 - 16*y - 10. Let z(l) = 2*k(l) + 11*o(l). What is z(-1)?
7
Let d(t) = 0*t**3 + 2*t**2 - t**3 - 4*t**2 + 0*t**3. Let a(z) = 2*z - 40. Let r be a(17). Let o be 3/(-2 + (-3)/r). Calculate d(o).
0
Let f(m) be the third derivative of m**6/120 + m**5/12 - m**4/4 + 2*m**3/3 - 76*m**2. Let p = 0 - -6. Suppose 4*b + p = -u, b + 24 = -6*u + 2*u. Calculate f(u).
4
Suppose -10 = -a - 5*g, 2*a + 3*g = -3*a - 16. Let m(j) = 38 - 7 + 2*j - 8 - 13 - 7. Give m(a).
-7
Suppose -5*v + 6 = -3*v + 2*a, -v - 3*a - 1 = 0. Let g(d) be the first derivative of -d**4/4 + 5*d**3/3 + d**2/2 + 4*d - 1. What is g(v)?
9
Let w(l) = 0 + l**2 + 10*l + 7 - 3*l. Suppose -3*x + 0*x + 162 = 0. Let t = x - 60. Determine w(t).
1
Let u(p) = 3*p. Suppose -3*o = z + 6, 4*o = 4*z + 88 + 16. Let s be z/15 - 0 - 2/(-5). Give u(s).
-3
Let n(d) = -d**2 + 10*d - 7. Suppose 7*t = -0*t + 42. What is n(t)?
17
Let a(t) = -3*t - 12. Let o(h) = -4*h - 10. Let r(p) = 3*a(p) - 2*o(p). Determine r(-9).
-7
Let g = -260 + 244. Let b(u) = u + 36. Determine b(g).
20
Let x be 1/(-2) - 5/2. Let o be (-4 - (-14)/3)*x. Let w(c) = 3*c**2 + 30*c + 3 - 2 - 27*c + 4*c**3 - 2*c**3. Calculate w(o).
-9
Suppose 1 - 16 = 5*o. Let v(s) = 2*s**2 - 24*s + 8*s + 4 + 17*s. Determine v(o).
19
Let d = -108 + 80. Let x = 24 + d. Let h(w) be the third derivative of w**5/60 + 5*w**4/24 + w**3 + w**2. What is h(x)?
2
Let i(l) = 2 - 17*l**3 - 6*l + 14*l**3 - 3*l + 3*l + l**2. Let z(h) = 30 + 0*h**3 - 6*h - 28 - 4*h**3 + 2*h**2. Let g(m) = -5*i(m) + 4*z(m). Calculate g(4).
6
Let a(r) = 3*r**3 - 3*r**2 - r + 2. Let d(i) = -i**3 + 2*i**2 + 5. Let f be d(0). Suppose f*o = 2*t + 12, -3*t = 2*o + 2 - 3. Calculate a(o).
12
Let f(c) = -c**3 + 4*c**2 + 5*c - 2. Let w(u) = -u - 22. Let o be w(10). Let p = -27 - o. Give f(p).
-2
Let i(k) = -11*k - 12. Let c(v) = 16*v + 18. Let d(x) = -5*c(x) - 7*i(x). Calculate d(0).
-6
Let j(o) = 0*o**2 + 25*o - 3*o**2 + 28*o + 4 - 55*o. Let k = -11 + 8. Determine j(k).
-17
Let x(t) be the first derivative of 11 - 9*t - t**2 + 1/4*t**4 + 2*t**3. Determine x(-6).
3
Suppose k - 7 = 2*z, 4*k = -3*z - z - 32. Let w(o) = o**3 + 4*o**2 - 2*o + 7. Determine w(z).
-8
Let s(z) = 2*z - 12. Let c(k) = -120*k + 1. Let q be c(1). Let r = -111 - q. Give s(r).
4
Let l be 3/(1/((-2)/(-3))). Let x(k) be the second derivative of k**3/3 - 3*k**2/2 + 63*k + 1. Give x(l).
1
Let v be ((-20)/(-32)*8)/5. Let x(u) = -7*u + 6. What is x(v)?
-1
Let x(i) = -32*i - 2. Let n(s) = s**2 + 19*s - 4. Let v be n(-19). Let k(y) = -11*y - 1. Let h(a) = v*x(a) + 11*k(a). Determine h(2).
11
Let l(r) be the third derivative of r**6/120 - r**5/12 - r**4/4 + 3*r**3/2 - 57*r**2 - 3. Determine l(4).
-31
Let s = -123 + 112. Let z(t) = -5*t**2 - 10*t + 2. Let b(g) = -4*g**2 - 10*g + 3. Let o(w) = -4*b(w) + 3*z(w). Determine o(s).
5
Suppose -g - 10 = g. Let o(j) = -j - 4. Calculate o(g).
1
Let c(q) = 5*q**3 + 3*q**2 + 4*q + 3. Let w = 1656 + -1658. What is c(w)?
-33
Suppose 2*y - 3*y = -6. Suppose y*o = 2*o + h - 10, 12 = -3*o + 3*h. Let m(k) = 7*k - 42. Let i(q) = 3*q - 19. Let c(j) = -9*i(j) + 4*m(j). Give c(o).
1
Let m(q) be the first derivative of q**5/60 + q**4/6 + q**3 + 11*q**2/2 + 2. Let j(v) be the second derivative of m(v). Calculate j(-5).
11
Let f(o) = -26 + 3 - 4*o + 2*o**2 - 6*o - 3*o. What is f(8)?
1
Suppose 0 = -8*k + 9*k - 5*t - 3, -2*t + 6 = 2*k. Let i(x) = x**3 - 2*x**2 + 5*x - 4. Give i(k).
20
Let m(z) = z**2 + 5*z - 2 + 6 - 6 - 1. Calculate m(-4).
-7
Let q be (12*(-9)/18)/(-4 + 2). Let j(z) = 3*z + 2. Give j(q).
11
Let u(c) = 178*c**2 - 1 + 165*c**2 + 174*c**2 - 494*c**2. Determine u(1).
22
Let y = 4 + -2. Let d(q) = 0*q**2 - 1 - 2*q - 4*q**3 - q**y - 6*q**3. Let j = 50 + -51. Calculate d(j).
10
Let p = -18 + 23. Let y(g) = 5*g - 2 - 2*g + 2*g**2 + p. What is y(-3)?
12
Suppose 4*h + 5 = 25. Suppose -5*c - 5*k = 5, 0 = -0*c - 5*c - k - h. Let l(i) be the first derivative of 9*i**2/2 - 1. Determine l(c).
-9
Let s(o) = -6*o - 1. Let b(k) = 2*k + 1. Let z(m) = -2*b(m) - s(m). Determine z(-5).
-11
Let u(a) = 2*a**3 - a**3 + a + 3 - 3*a**2 + 0 + 0. What is u(3)?
6
Let t(i) = -8*i**2 + 9 - 6*i + 9*i**2 + 2*i + 4*i + 4*i. What is t(-6)?
21
Let t(o) = -22*o**3 + o**2 + o + 1. Suppose 2 + 3 = -5*j - 5*u, -3*j + 4*u = 3. What is t(j)?
23
Let z(h) = 2 + 3 + h - 3. Let d = 12647 - 12649. Give z(d).
0
Let z(i) be the first derivative of 3*i**2/2 + 1. Let g(w) = w**2 + 18*w + 13. Let u be g(-18). Let k = u + -15. What is z(k)?
-6
Let s(c) = c**2 + c + 1. Let m(z) = -z**2 - z - 1. Let l(b) = 12*b**2 + 8*b + 8. Let h(a) = -2*l(a) + 8*m(a). Let v(j) = -h(j) - 24*s(j). Give v(-1).
8
Suppose -2*c - c - 27 = 0. Let l(j) = 7*j - 1. Let s be l(1). Let r = c + s. Let n(f) = -f**2 - 2*f + 2. Calculate n(r).
-1
Suppose -6*d + 24 = -d + d. Suppose -3*w = -0*w - 3*v - 36, -2*w = 5*v + 11. Let l(x) = -5*x**2 + 2*x**2 + 4 + w*x + 2*x**2. Determine l(d).
16
Let h(x) = 4*x**3 + 9*x**2 + 6*x + 6. Let t(c) = -c**3 - c**2 - c - 1. Let m(y) = -h(y) - 6*t(y). Suppose l + 5*l = 2*l. Suppose 4 = 2*q - l*q. Give m(q).
4
Suppose 6 = 2*k, 2*y - 5*k + 15 = -8. Le